rue
Is 1328236297 a prime number?
False
Is 1639356679 a composite number?
False
Is 1214133823 composite?
True
Is 5883129737 a composite number?
False
Is 657619745447 a composite number?
True
Is 678534455 prime?
False
Is 2485411865 prime?
False
Is 1128655813 a prime number?
False
Is 589043417 prime?
False
Is 8065882697 composite?
True
Is 3266227577 composite?
True
Is 8482103915 a prime number?
False
Is 10529068061 a composite number?
True
Is 44286575197 prime?
False
Is 28627447691 a prime number?
True
Is 35863572257 a composite number?
False
Is 22159979 a composite number?
False
Is 32865522523 composite?
True
Is 1448437093 prime?
True
Is 2425648067 prime?
False
Is 12925852909 a prime number?
False
Is 399092945 a prime number?
False
Is 3169764673 a composite number?
False
Is 422086937 a prime number?
True
Is 1634651021 prime?
False
Is 3306727279 prime?
True
Is 1870024757 a composite number?
False
Is 3664286243 a prime number?
True
Is 1170733171 prime?
True
Is 6127351147 a prime number?
False
Is 315595129 a prime number?
True
Is 73220461399 a prime number?
False
Is 13805201 a composite number?
False
Is 22367825879 prime?
False
Is 32034319483 a prime number?
True
Is 81206497 composite?
True
Is 96846278413 prime?
True
Is 189837839 a prime number?
True
Is 279612653 prime?
False
Is 68896361 a composite number?
False
Is 1227950861 composite?
True
Is 26647746833 a prime number?
True
Is 430422613 a composite number?
False
Is 13371832769 a composite number?
False
Is 337117007 a composite number?
True
Is 8019589181 a composite number?
False
Is 1077485311 composite?
True
Is 11215852693 prime?
False
Is 1069582981 a prime number?
False
Is 3784211699 prime?
True
Is 29232180203 a prime number?
True
Is 1067847799 a composite number?
True
Is 36076122983 composite?
True
Is 157084171 composite?
True
Is 3870315851 a prime number?
True
Is 508278787 composite?
True
Is 89796419 a prime number?
True
Is 390700463 a composite number?
False
Is 181568627297 a prime number?
True
Is 15024803551 a prime number?
True
Is 4340958503 prime?
False
Is 473565353 prime?
True
Is 159976124246 composite?
True
Is 47144396789 a composite number?
True
Is 1212773817 composite?
True
Is 97607537 prime?
True
Is 7345097 composite?
False
Is 2944655377 composite?
True
Is 77971162027 a prime number?
False
Is 23495093957 composite?
True
Is 9209563751 composite?
False
Is 3684872311 a prime number?
False
Is 225160489 a prime number?
False
Is 1046655731 prime?
False
Is 2528558467 composite?
True
Is 2012236987 composite?
True
Is 1527693191 prime?
True
Is 941276407 a prime number?
False
Is 23525198791 a composite number?
True
Is 1570967213 a composite number?
True
Is 113415152923 prime?
False
Is 10330009267 a prime number?
False
Is 690943477 composite?
True
Is 2893040243 prime?
True
Is 8763817519 prime?
True
Is 2167340663 a composite number?
True
Is 121690672031 prime?
False
Is 1239572461 a prime number?
False
Is 343650031 a prime number?
False
Is 5310243521 a composite number?
True
Is 1380065447 a composite number?
False
Is 8498617651 a prime number?
True
Is 496036361 a prime number?
False
Is 9529541141 composite?
True
Is 1185970963 composite?
True
Is 1186546721 prime?
False
Is 54213956941 prime?
True
Is 245505853 a composite number?
True
Is 8315052271 a prime number?
True
Is 5176909337 composite?
True
Is 179767439 a composite number?
False
Is 637776371 composite?
True
Is 10027481687 a prime number?
True
Is 245397701 prime?
False
Is 1116586121 composite?
True
Is 505843153 a prime number?
False
Is 6537800767 composite?
False
Is 2031694471 prime?
True
Is 302888065939 a prime number?
True
Is 4272444721 composite?
False
Is 653875597 prime?
False
Is 20729369119 prime?
True
Is 42061537813 prime?
False
Is 44067313 composite?
False
Is 865923341 prime?
False
Is 1051180001 a composite number?
False
Is 11165637697 composite?
True
Is 70110317353 composite?
False
Is 147139138001 composite?
False
Is 27099406111 prime?
True
Is 13632998761 a composite number?
False
Is 285728243 prime?
False
Is 4720153561 composite?
False
Is 490143527 prime?
True
Is 45752052109 composite?
False
Is 1126716289 a prime number?
False
Is 36487793 composite?
False
Is 3787968643 a prime number?
False
Is 603131393 prime?
True
Is 10525518721 a composite number?
False
Is 28897511 a prime number?
True
Is 1247495251 prime?
False
Is 5655089155 prime?
False
Is 39943101361 a prime number?
True
Is 810469207 composite?
True
Is 63227734733 a composite number?
True
Is 19449770519 a prime number?
False
Is 9260008141 composite?
False
Is 634611067 a prime number?
True
Is 1038166573 prime?
False
Is 117055321 composite?
True
Is 33730549282 a composite number?
True
Is 322854101 prime?
True
Is 1893345959 a composite number?
False
Is 365239037 a prime number?
True
Is 640310261 a prime number?
True
Is 514465177 a prime number?
True
Is 765122317 a composite number?
False
Is 2062438247 a composite number?
True
Is 27462198329 a prime number?
False
Is 760687 a composite number?
True
Is 4651403687 a composite number?
True
Is 684473053 a composite number?
True
Is 1094525777 prime?
True
Is 1104420323 a prime number?
True
Is 8838489767 prime?
True
Is 5217331993 a prime number?
False
Is 31406708323 a composite number?
True
Is 1598047709 a composite number?
False
Is 3173041019 composite?
True
Is 342506809 prime?
False
Is 4195332697 prime?
False
Is 218631013 a prime number?
True
Is 2373450578 a composite number?
True
Is 7543268173 prime?
False
Is 2620114031 a prime number?
False
Is 4787710261 a prime number?
False
Is 908942651 a composite number?
False
Is 4705224893 a composite number?
False
Is 24110631959 a composite number?
True
Is 6346773401 a composite number?
True
Is 19736059729 a prime number?
True
Is 90241041439 prime?
False
Is 3998147429 composite?
False
Is 42664554769 a prime number?
True
Is 1490296729 composite?
True
Is 7508003849 prime?
True
Is 9335848111 a composite number?
False
Is 759218713 composite?
True
Is 2715283726 prime?
False
Is 4377603319 prime?
True
Is 44928998971 prime?
True
Is 3579231361 a prime number?
True
Is 1850843759 prime?
True
Is 63473749385 prime?
False
Is 217132493 composite?
False
Is 139630739 prime?
False
Is 98022293 prime?
True
Is 19224431423 composite?
False
Is 29934733853 a prime number?
True
Is 99692115277 a composite number?
False
Is 3763931 composite?
False
Is 1040096101 a prime number?
False
Is 7645716329 composite?
True
Is 530617355 prime?
False
Is 850591519 composite?
False
Is 528477595 prime?
False
Is 64314401117 a composite number?
True
Is 34091269033 a prime number?
True
Is 8656892957 a composite number?
False
Is 1653614867 prime?
False
Is 310632221 a composite number?
True
Is 7676441081 composite?
True
Is 13943243191 a composite number?
True
Is 36786421019 a composite number?
False
Is 15438705811 a prime number?
True
Is 3046014451 a composite number?
False
Is 2968789429 prime?
True
Is 2120044697 composite?
False
Is 656165041 a composite number?
True
Is 405410573 a prime number?
False
Is 4798555415 prime?
False
Is 78150839303 a prime number?
False
Is 10267989113 a prime number?
True
Is 8051407393 composite?
True
Is 7350263227 a composite number?
True
Is 985591703 a composite number?
True
Is 480792293 a composite number?
True
Is 119223913933 a prime number?
True
Is 562241077 composite?
True
Is 9038593123 a prime number?
False
Is 455728879 a composite number?
False
Is 1813261913 composite?
False
Is 28595915 a prime number?
False
Is 636972509 composite?
True
Is 6613891883 prime?
True
Is 4038248395 a composite number?
True
Is 602526979 a composite number?
False
Is 53502719 composite?
True
Is 72046178899 prime?
False
Is 110716720501 a composite number?
False
Is 2026204577 a prime number?
True
Is 1713688919 a composite number?
True
Is 44482793 composite?
False
Is 5579478329 composite?
False
Is 979801309 a composite number?
True
Is 43471905077 composite?
True
Is 3024553601 composite?
True
Is 1332826777 prime?
False
Is 49940051027 prime?
False
Is 166774945 a composite number?
True
Is 234475963 a composite number?
True
Is 113535073 a composite number?
False
Is 41035436905 a composite number?
True
Is 30594002771 a prime number?
True
Is 164041159 composite?
False
Is 223174139 composite?
False
Is 110187698587 prime?
True
Is 189624481